{"id":402,"date":"2024-01-11T21:27:15","date_gmt":"2024-01-12T03:27:15","guid":{"rendered":"http:\/\/localhost:8085\/?page_id=402"},"modified":"2024-01-29T14:36:10","modified_gmt":"2024-01-29T20:36:10","slug":"propuesta-de-valor-2","status":"publish","type":"page","link":"https:\/\/sanmateofundaciongt.org\/?page_id=402","title":{"rendered":"Propuesta de Valor"},"content":{"rendered":"<h6>Somos una organizaci\u00f3n no lucrativa, creemos que todos los seres humanos existen para tener gozo, progreso y prosperidad y para lograr su pleno potencial deben mejorar continuamente en los aspectos emocional, mental, f\u00edsico y espiritual.<br \/>\nSabemos que todas las personas tienen potencial, derecho a desarrollarse y progresar, sin embargo, estamos conscientes que por las diferentes condiciones, la mayor\u00eda carecen de recursos, motivaci\u00f3n, y educaci\u00f3n y por lo tanto de oportunidades; procuramos porque a los m\u00e1s necesitados y sin discriminaci\u00f3n ni reservas puedan llegar nuestro apoyo a trav\u00e9s de un liderazgo efectivo.<br \/>\nCreemos que todas las personas que forman parte de nuestra organizaci\u00f3n deben ser proactivas y orientadas al trabajo en equipo; que deben desarrollar todas sus actividades con integridad, responsabilidad, con vocaci\u00f3n de servicio y gran sensibilidad por las necesidades del g\u00e9nero humano.<\/h6>\n<p>&nbsp;<\/p>\n<p><img loading=\"lazy\" decoding=\"async\" class=\"alignnone wp-image-408\" src=\"http:\/\/localhost:8085\/wp-content\/uploads\/2024\/01\/06-Propuesta-de-valor-scaled-e1705030647343-300x171.jpg\" alt=\"\" width=\"1358\" height=\"774\" srcset=\"https:\/\/sanmateofundaciongt.org\/wp-content\/uploads\/2024\/01\/06-Propuesta-de-valor-scaled-e1705030647343-300x171.jpg 300w, https:\/\/sanmateofundaciongt.org\/wp-content\/uploads\/2024\/01\/06-Propuesta-de-valor-scaled-e1705030647343-1024x585.jpg 1024w, https:\/\/sanmateofundaciongt.org\/wp-content\/uploads\/2024\/01\/06-Propuesta-de-valor-scaled-e1705030647343-768x439.jpg 768w\" sizes=\"auto, (max-width: 1358px) 100vw, 1358px\" \/><\/p>\n<p>&nbsp;<\/p>\n<p>&nbsp;<\/p>\n","protected":false},"excerpt":{"rendered":"<p>Somos una organizaci\u00f3n no lucrativa, creemos que todos los seres humanos existen para tener gozo, progreso y prosperidad y para lograr su pleno potencial deben mejorar continuamente en los aspectos emocional, mental, f\u00edsico y espiritual. Sabemos que todas las personas tienen potencial, derecho a desarrollarse y progresar, sin embargo, estamos conscientes que por las diferentes [&hellip;]<\/p>\n","protected":false},"author":1,"featured_media":411,"parent":0,"menu_order":0,"comment_status":"closed","ping_status":"closed","template":"","meta":{"footnotes":""},"class_list":["post-402","page","type-page","status-publish","has-post-thumbnail","hentry"],"acf":[],"_links":{"self":[{"href":"https:\/\/sanmateofundaciongt.org\/index.php?rest_route=\/wp\/v2\/pages\/402","targetHints":{"allow":["GET"]}}],"collection":[{"href":"https:\/\/sanmateofundaciongt.org\/index.php?rest_route=\/wp\/v2\/pages"}],"about":[{"href":"https:\/\/sanmateofundaciongt.org\/index.php?rest_route=\/wp\/v2\/types\/page"}],"author":[{"embeddable":true,"href":"https:\/\/sanmateofundaciongt.org\/index.php?rest_route=\/wp\/v2\/users\/1"}],"replies":[{"embeddable":true,"href":"https:\/\/sanmateofundaciongt.org\/index.php?rest_route=%2Fwp%2Fv2%2Fcomments&post=402"}],"version-history":[{"count":7,"href":"https:\/\/sanmateofundaciongt.org\/index.php?rest_route=\/wp\/v2\/pages\/402\/revisions"}],"predecessor-version":[{"id":823,"href":"https:\/\/sanmateofundaciongt.org\/index.php?rest_route=\/wp\/v2\/pages\/402\/revisions\/823"}],"wp:featuredmedia":[{"embeddable":true,"href":"https:\/\/sanmateofundaciongt.org\/index.php?rest_route=\/wp\/v2\/media\/411"}],"wp:attachment":[{"href":"https:\/\/sanmateofundaciongt.org\/index.php?rest_route=%2Fwp%2Fv2%2Fmedia&parent=402"}],"curies":[{"name":"wp","href":"https:\/\/api.w.org\/{rel}","templated":true}]}}